{"id":402,"date":"2016-06-27T18:13:56","date_gmt":"2016-06-27T16:13:56","guid":{"rendered":"http:\/\/wpress.lycee-mariecurie.org\/?page_id=402"},"modified":"2026-03-04T13:21:46","modified_gmt":"2026-03-04T12:21:46","slug":"la-classe-de-seconde","status":"publish","type":"page","link":"https:\/\/www.lycee-mariecurie.org\/index.php\/la-classe-de-seconde\/","title":{"rendered":"La classe de seconde"},"content":{"rendered":"\n<figure class=\"wp-block-table\"><table><tbody><tr><td>\n\t\t\t\tEnseignements\n\t\t\t<\/td><td>\n\t\t\t\tHoraire\n\t\t\t\t\u00e9l\u00e8ve\n\t\t\t<\/td><\/tr><tr><td>\n\t\t\t\t<br>\n\n\t\t\t\t\n\t\t\t<\/td><td>\n\t\t\t\t<br>\n\n\t\t\t\t\n\t\t\t<\/td><\/tr><tr><td>\n\t\t\t\t<strong>Enseignements\n\t\t\t\tcommuns<\/strong>\n\t\t\t<\/td><td>\n\t\t\t\t<br>\n\n\t\t\t\t\n\t\t\t<\/td><\/tr><tr><td>\n\t\t\t\tFran\u00e7ais\n\t\t\t<\/td><td>\n\t\t\t\t4\n\t\t\t\th\n\t\t\t<\/td><\/tr><tr><td>\n\t\t\t\tHistoire-g\u00e9ographie\n\t\t\t<\/td><td>\n\t\t\t\t3\n\t\t\t\th\n\t\t\t<\/td><\/tr><tr><td> LVA et LVB (enveloppe globalis\u00e9e)<br><em>LVA: anglais et allemand<\/em><br><em>LVB: anglais, allemand, chinois, espagnol, italie<\/em>n<\/td><td>\n\t\t\t\t5\n\t\t\t\th 30\n\t\t\t<\/td><\/tr><tr><td>\n\t\t\t\tSciences\n\t\t\t\t\u00e9conomiques et sociales\n\t\t\t<\/td><td>\n\t\t\t\t1\n\t\t\t\th 30\n\t\t\t<\/td><\/tr><tr><td>\n\t\t\t\tMath\u00e9matiques\n\t\t\t<\/td><td>\n\t\t\t\t4\n\t\t\t\th\n\t\t\t<\/td><\/tr><tr><td>\n\t\t\t\tPhysique-chimie\n\t\t\t<\/td><td>\n\t\t\t\t3\n\t\t\t\th\n\t\t\t<\/td><\/tr><tr><td>\n\t\t\t\tSciences\n\t\t\t\tde la vie et de la Terre\n\t\t\t<\/td><td>\n\t\t\t\t1\n\t\t\t\th 30\n\t\t\t<\/td><\/tr><tr><td>\n\t\t\t\t\u00c9ducation\n\t\t\t\tphysique et sportive\n\t\t\t<\/td><td>\n\t\t\t\t2\n\t\t\t\th\n\t\t\t<\/td><\/tr><tr><td>\n\t\t\t\tEnseignement\n\t\t\t\tmoral et civique\n\t\t\t<\/td><td>\n\t\t\t\t18\n\t\t\t\th annuelles\n\t\t\t<\/td><\/tr><tr><td>\n\t\t\t\tSciences\n\t\t\t\tnum\u00e9riques et technologie\n\t\t\t<\/td><td>\n\t\t\t\t1\n\t\t\t\th 30\n\t\t\t<\/td><\/tr><tr><td> Accompagnement personnalis\u00e9<\/td><td>\n\t\t\t\t<br>\n\n\t\t\t\t\n\t\t\t<\/td><\/tr><tr><td> Accompagnement au choix de l\u2019orientation<\/td><td>\n\t\t\t\t<br>\n\n\t\t\t\t\n\t\t\t<\/td><\/tr><tr><td>\n\t\t\t\tHeures\n\t\t\t\tde vie de classe\n\t\t\t<\/td><td>\n\t\t\t\t<br>\n\n\t\t\t\t\n\t\t\t<\/td><\/tr><tr><td>\n\t\t\t\t<strong>Enseignements\n\t\t\t\toptionnels<\/strong>\n\t\t\t<\/td><td>\n\t\t\t\t<br>\n\n\t\t\t\t\n\t\t\t<\/td><\/tr><tr><td>\n\t\t\t\t<em><strong>1\n\t\t\t\tenseignement g\u00e9n\u00e9ral au choix parmi<\/strong><\/em>\n\t\t\t<\/td><td>\n\t\t\t\t<br>\n\n\t\t\t\t\n\t\t\t<\/td><\/tr><tr><td> Langues et cultures de l\u2019Antiquit\u00e9 : latin <\/td><td>\n\t\t\t\t3\n\t\t\t\th\n\t\t\t<\/td><\/tr><tr><td> Langue vivante C (espagnol, italien)<\/td><td>\n\t\t\t\t3\n\t\t\t\th\n\t\t\t<\/td><\/tr><tr><td> Arts :musique<\/td><td>\n\t\t\t\t3\n\t\t\t\th\n\t\t\t<\/td><\/tr><tr><td><\/td><td><\/td><\/tr><tr><td>\n\t\t\t\t<em><strong>1\n\t\t\t\tenseignement technologique au choix parmi<\/strong><\/em>\n\t\t\t<\/td><td>\n\t\t\t\t<br>\n\n\t\t\t\t\n\t\t\t<\/td><\/tr><tr><td> Atelier artistique : chorale<\/td><td>\n\t\t\t\t72\n\t\t\t\th annuelles\n\t\t\t<\/td><\/tr><\/tbody><\/table><\/figure>\n\n\n\n<p><a href=\"https:\/\/www.lycee-mariecurie.org\/wp-content\/uploads\/2022\/06\/2GT_Liste-de-lectures_sept-22.pdf\">Liste des lectures pour l&rsquo;entr\u00e9e en seconde<\/a><\/p>\n\n\n\n<p><a href=\"https:\/\/www.lycee-mariecurie.org\/wp-content\/uploads\/2021\/07\/Aide-Femme-au-collier-de-velours.pdf\">Aide \u00e0 la lecture pour \u00ab\u00a0La femme au collier de velours\u00a0\u00bb<\/a><\/p>\n\n\n\n<p><a href=\"https:\/\/www.lycee-mariecurie.org\/wp-content\/uploads\/2022\/06\/Carnet-de-lecture-Boule-de-Suif.pdf\">Aide \u00e0 la lecture pour \u00ab\u00a0Boule de Suif\u00a0\u00bb<\/a><\/p>\n\n\n\n<h3 class=\"wp-block-heading\">Orientation apr\u00e8s la seconde<\/h3>\n\n\n\n<figure class=\"wp-block-image size-large\"><img loading=\"lazy\" decoding=\"async\" width=\"337\" height=\"150\" src=\"https:\/\/www.lycee-mariecurie.org\/wp-content\/uploads\/2021\/02\/Horizons-2021.jpg\" alt=\"\" class=\"wp-image-2659\" srcset=\"https:\/\/www.lycee-mariecurie.org\/wp-content\/uploads\/2021\/02\/Horizons-2021.jpg 337w, https:\/\/www.lycee-mariecurie.org\/wp-content\/uploads\/2021\/02\/Horizons-2021-300x134.jpg 300w\" sizes=\"auto, (max-width: 337px) 100vw, 337px\" \/><figcaption class=\"wp-element-caption\">Tout savoir sur l&rsquo;orientation en seconde<a href=\"http:\/\/www.horizons21.fr\"> Horizons 2021<\/a><\/figcaption><\/figure>\n\n\n\n<p><\/p>\n\n\n\n<h3 class=\"wp-block-heading\">Stage en fin d&rsquo;ann\u00e9e de seconde<\/h3>\n\n\n\n<p>Vous pouvez t\u00e9l\u00e9charger la convention de stage avec le lien ci-dessous:<\/p>\n\n\n\n<div class=\"wp-block-file\"><a id=\"wp-block-file--media-1a8e685d-49db-4a9b-af9c-c13bc78f6dec\" href=\"https:\/\/www.lycee-mariecurie.org\/wp-content\/uploads\/2026\/03\/modele-convention-2026-2GT-1.docx\">mod\u00e8le  convention 2026 2GT<\/a><a href=\"https:\/\/www.lycee-mariecurie.org\/wp-content\/uploads\/2026\/03\/modele-convention-2026-2GT-1.docx\" class=\"wp-block-file__button wp-element-button\" download aria-describedby=\"wp-block-file--media-1a8e685d-49db-4a9b-af9c-c13bc78f6dec\">T\u00e9l\u00e9charger<\/a><\/div>\n","protected":false},"excerpt":{"rendered":"<p>Enseignements Horaire \u00e9l\u00e8ve Enseignements communs Fran\u00e7ais 4 h Histoire-g\u00e9ographie 3 h LVA et LVB (enveloppe globalis\u00e9e)LVA: anglais et allemandLVB: anglais, allemand, chinois, espagnol, italien 5 h 30 Sciences \u00e9conomiques et sociales 1 h 30 Math\u00e9matiques 4 h Physique-chimie 3 h&#8230;<\/p>\n","protected":false},"author":1,"featured_media":0,"parent":0,"menu_order":0,"comment_status":"closed","ping_status":"closed","template":"","meta":{"footnotes":""},"class_list":["post-402","page","type-page","status-publish","hentry","no-post-thumbnail"],"_links":{"self":[{"href":"https:\/\/www.lycee-mariecurie.org\/index.php\/wp-json\/wp\/v2\/pages\/402","targetHints":{"allow":["GET"]}}],"collection":[{"href":"https:\/\/www.lycee-mariecurie.org\/index.php\/wp-json\/wp\/v2\/pages"}],"about":[{"href":"https:\/\/www.lycee-mariecurie.org\/index.php\/wp-json\/wp\/v2\/types\/page"}],"author":[{"embeddable":true,"href":"https:\/\/www.lycee-mariecurie.org\/index.php\/wp-json\/wp\/v2\/users\/1"}],"replies":[{"embeddable":true,"href":"https:\/\/www.lycee-mariecurie.org\/index.php\/wp-json\/wp\/v2\/comments?post=402"}],"version-history":[{"count":53,"href":"https:\/\/www.lycee-mariecurie.org\/index.php\/wp-json\/wp\/v2\/pages\/402\/revisions"}],"predecessor-version":[{"id":5963,"href":"https:\/\/www.lycee-mariecurie.org\/index.php\/wp-json\/wp\/v2\/pages\/402\/revisions\/5963"}],"wp:attachment":[{"href":"https:\/\/www.lycee-mariecurie.org\/index.php\/wp-json\/wp\/v2\/media?parent=402"}],"curies":[{"name":"wp","href":"https:\/\/api.w.org\/{rel}","templated":true}]}}